igit of 998589872?
8
What is the ten millions digit of 613126240?
1
What is the ten thousands digit of 220259058?
5
What is the thousands digit of 101072032?
2
What is the tens digit of 1636531544?
4
What is the ten millions digit of 89223591?
8
What is the ten thousands digit of 3288290841?
9
What is the units digit of 834020050?
0
What is the tens digit of 418431307?
0
What is the ten thousands digit of 52336714?
3
What is the millions digit of 401514327?
1
What is the hundred thousands digit of 3292456259?
4
What is the hundreds digit of 4763734933?
9
What is the units digit of 400986808?
8
What is the billions digit of 3705211001?
3
What is the hundred thousands digit of 263643502?
6
What is the thousands digit of 154562701?
2
What is the millions digit of 189962994?
9
What is the thousands digit of 467238349?
8
What is the billions digit of 1812634938?
1
What is the units digit of 193092497?
7
What is the millions digit of 542946642?
2
What is the thousands digit of 71348923?
8
What is the hundred thousands digit of 188548793?
5
What is the hundred thousands digit of 5095572179?
5
What is the ten millions digit of 245998519?
4
What is the millions digit of 99647017?
9
What is the billions digit of 5675004725?
5
What is the thousands digit of 124771447?
1
What is the tens digit of 264812470?
7
What is the thousands digit of 39293786?
3
What is the millions digit of 2851160000?
1
What is the units digit of 123046872?
2
What is the hundreds digit of 144692582?
5
What is the hundred millions digit of 771060060?
7
What is the hundred millions digit of 539453434?
5
What is the units digit of 417418768?
8
What is the units digit of 1472162711?
1
What is the ten thousands digit of 270561883?
6
What is the hundreds digit of 10099714?
7
What is the hundred thousands digit of 32688734?
6
What is the tens digit of 45894394?
9
What is the hundred millions digit of 1281432077?
2
What is the units digit of 66596144?
4
What is the billions digit of 1114524689?
1
What is the ten thousands digit of 1670005217?
0
What is the thousands digit of 54191083?
1
What is the tens digit of 1341568309?
0
What is the hundred millions digit of 645692452?
6
What is the hundreds digit of 3001927041?
0
What is the ten thousands digit of 476010810?
1
What is the hundreds digit of 1050043208?
2
What is the hundred millions digit of 117110592?
1
What is the hundred thousands digit of 52621413?
6
What is the hundreds digit of 9383424?
4
What is the units digit of 290873520?
0
What is the tens digit of 63982491?
9
What is the hundred thousands digit of 16611101?
6
What is the thousands digit of 49692450?
2
What is the units digit of 35246694?
4
What is the hundred thousands digit of 19397937?
3
What is the hundred millions digit of 170871987?
1
What is the hundred thousands digit of 161886470?
8
What is the units digit of 80703534?
4
What is the units digit of 739400068?
8
What is the thousands digit of 1537678425?
8
What is the hundreds digit of 3187492047?
0
What is the ten millions digit of 154844106?
5
What is the millions digit of 63507274?
3
What is the ten millions digit of 942891026?
4
What is the hundreds digit of 1332074266?
2
What is the hundred millions digit of 282790124?
2
What is the hundreds digit of 100635593?
5
What is the tens digit of 9315035323?
2
What is the thousands digit of 45862203?
2
What is the units digit of 894236723?
3
What is the millions digit of 116867885?
6
What is the ten thousands digit of 158194337?
9
What is the units digit of 49776707?
7
What is the millions digit of 210371011?
0
What is the tens digit of 86294889?
8
What is the units digit of 4075042436?
6
What is the millions digit of 194865977?
4
What is the ten millions digit of 229126410?
2
What is the thousands digit of 7427577218?
7
What is the hundred thousands digit of 72847690?
8
What is the ten thousands digit of 142117643?
1
What is the hundred millions digit of 225095372?
2
What is the ten millions digit of 117585177?
1
What is the thousands digit of 47093985?
3
What is the thousands digit of 325989245?
9
What is the ten millions digit of 21846287?
2
What is the units digit of 1015491477?
7
What is the millions digit of 65481408?
5
What is the hundreds digit of 807454541?
5
What is the hundred thousands digit of 72833368?
8
What is the ten thousands digit of 39874683?
7
What is the millions digit of 2197357545?
7
What is the thousands digit of 512713552?
3
What is the hundred millions digit of 366620208?
3
What is the billions digit of 1457496840?
1
What is the units digit of 1173032514?
4
What is the ten thousands digit of 31551061?
5
What is the thousands digit of 2805170712?
0
What is the tens digit of 922188290?
9
What is the hundred millions digit of 4952985566?
9
What is the thousands digit of 1235140919?
0
What is the hundred thousands digit of 219974839?
9
What is the hundred thousands digit of 316866898?
8
What is the ten thousands digit of 1524653495?
5
What is the hundred thousands digit of 78298198?
2
What is the ten millions digit of 65933719?
6
What is the hundreds digit of 835764534?
5
What is the tens digit of 1299466998?
9
What is the hundreds digit of 1157403849?
8
What is the millions digit of 659924160?
9
What is the thousands digit of 89686463?
6
What is the thousands digit of 176572879?
2
What is the hundreds digit of 364940386?
3
What is the millions digit of 2243682932?
3
What is the thousands digit of 227188836?
8
What is the ten millions digit of 237394356?
3
What is the units digit of 831198?
8
What is the hundreds digit of 171446877?
8
What is the thousands digit of 114713524?
3
What is the tens digit of 483965788?
8
What is the ten thousands digit of 96972528?
7
What is the tens digit of 1624400845?
4
What is the hundred thousands digit of 1083910632?
9
What is the hundred thousands digit of 109740005?
7
What is the ten millions digit of 23840140?
2
What is the hundred thousands digit of 262153603?
1
What is the hundreds digit of 21739371?
3
What is the millions digit of 556008192?
6
What is the tens digit of 1534073059?
5
What is the hundred thousands digit of 340123174?
1
What is the ten millions digit of 156633062?
5
What is the ten thousands digit of 1784392039?
9
What is the hundred thousands digit of 1366641927?
6
What is the ten millions digit of 13198355?
1
What is the units digit of 44374930?
0
What is the thousands digit of 117844099?
4
What is the ten millions digit of 23908682?
2
What is the units digit of 1540364278?
8
What is the units digit of 1639827565?
5
What is the millions digit of 580726990?
0
What is the units digit of 16480879?
9
What is the thousands digit of 644213213?
3
What is the units digit of 545018418?
8
What is the units digit of 6025359?
9
What is the ten millions digit of 56775262?
5
What is the hundred thousands digit of 4029251155?
2
What is the hundred thousands digit of 33670780?
6
What is the thousands digit of 71593037?
3
What is the hundred thousands digit of 130560521?
5
What is the hundred thousands digit of 19804311?
8
What is the tens digit of 566733360?
6
What is the ten thousands digit of 24764571?
6
What is the tens digit of 169120894?
9
What is the ten thousands digit of 151905051?
0
What is the units digit of 57055694?
4
What is the hundred millions digit of 5280083478?
2
What is the hundreds digit of 1227862139?
1
What is the ten millions digit of 533070192?
3
What is the millions digit of 2522340307?
2
What is the hundreds digit of 683055647?
6
What is the billions digit of 2049532874?
2
What is the ten millions digit of 97715250?
9
What is the millions digit of 28931884?
8
What is the hundred thousands digit of 2134277?
1
What is the tens digit of 102768021?
2
What is the ten millions digit of 92522062?
9
What is the ten thousands digit of 44547298?
4
What is the millions digit of 10210368?
0
What is the hundreds digit of 6129733704?
7
What is the hundred thousands digit of 172690419?
6
What is the millions digit of 213463595?
3
What is the units digit of 315872480?
0
What is the ten millions digit of 21782270?
2
What is the hundred millions digit of 3989860868?
9
What is the hundreds digit of 1187965634?
6
What is the hundred thousands digit of 1487422029?
4
What is the hundreds digit of 